{"id":136,"date":"2013-03-15T11:51:27","date_gmt":"2013-03-15T09:51:27","guid":{"rendered":"http:\/\/sodik.fi\/?page_id=136"},"modified":"2014-01-23T14:57:13","modified_gmt":"2014-01-23T12:57:13","slug":"matkalentokoulutus","status":"publish","type":"page","link":"https:\/\/sodik.fi\/?page_id=136","title":{"rendered":"Matkalentokoulutus"},"content":{"rendered":"<p><a href=\"http:\/\/maps.google.com\/maps\/ms?hl=fi&amp;ptab=2&amp;ie=UTF8&amp;oe=UTF8&amp;msa=0&amp;msid=103665207476929473572.00048abddbf374742c1b9&amp;ll=67.399044,26.630859&amp;spn=0.422221,1.645203&amp;z=9&amp;source=embed\">K\u00e4\u00e4nnepisteit\u00e4<\/a><\/p>\n<p><a href=\"http:\/\/sodik.fi\/wp-content\/uploads\/2013\/03\/Merkkisuorituss\u00e4\u00e4nn\u00f6t-lyhyesti.pdf\">Merkkisuorituss\u00e4\u00e4nn\u00f6t lyhyesti<\/a><\/p>\n<p><a href=\"https:\/\/maps.google.fi\/maps\/ms?ie=UTF8&amp;hl=fi&amp;msa=0&amp;msid=103665207476929473572.00048b861ceb7bbdf77ab&amp;z=9&amp;dg=feature&amp;mid=1380554261\" target=\"_blank\">Maastolaskupaikkoja<\/a><\/p>\n","protected":false},"excerpt":{"rendered":"<p>K\u00e4\u00e4nnepisteit\u00e4 Merkkisuorituss\u00e4\u00e4nn\u00f6t lyhyesti Maastolaskupaikkoja<\/p>\n","protected":false},"author":1,"featured_media":0,"parent":132,"menu_order":3,"comment_status":"closed","ping_status":"closed","template":"","meta":{"footnotes":""},"publishpress_future_action":{"enabled":false,"date":"2026-05-10 02:34:47","action":"draft","terms":[],"taxonomy":""},"_links":{"self":[{"href":"https:\/\/sodik.fi\/index.php?rest_route=\/wp\/v2\/pages\/136"}],"collection":[{"href":"https:\/\/sodik.fi\/index.php?rest_route=\/wp\/v2\/pages"}],"about":[{"href":"https:\/\/sodik.fi\/index.php?rest_route=\/wp\/v2\/types\/page"}],"author":[{"embeddable":true,"href":"https:\/\/sodik.fi\/index.php?rest_route=\/wp\/v2\/users\/1"}],"replies":[{"embeddable":true,"href":"https:\/\/sodik.fi\/index.php?rest_route=%2Fwp%2Fv2%2Fcomments&post=136"}],"version-history":[{"count":2,"href":"https:\/\/sodik.fi\/index.php?rest_route=\/wp\/v2\/pages\/136\/revisions"}],"predecessor-version":[{"id":3734,"href":"https:\/\/sodik.fi\/index.php?rest_route=\/wp\/v2\/pages\/136\/revisions\/3734"}],"up":[{"embeddable":true,"href":"https:\/\/sodik.fi\/index.php?rest_route=\/wp\/v2\/pages\/132"}],"wp:attachment":[{"href":"https:\/\/sodik.fi\/index.php?rest_route=%2Fwp%2Fv2%2Fmedia&parent=136"}],"curies":[{"name":"wp","href":"https:\/\/api.w.org\/{rel}","templated":true}]}}