{"id":852,"date":"2013-04-08T16:00:18","date_gmt":"2013-04-08T13:00:18","guid":{"rendered":"http:\/\/sodik.fi\/?page_id=852"},"modified":"2014-10-27T01:37:39","modified_gmt":"2014-10-26T23:37:39","slug":"linkit","status":"publish","type":"page","link":"https:\/\/sodik.fi\/?page_id=852","title":{"rendered":"Linkit"},"content":{"rendered":"<p><strong>Koulutukseen liityv\u00e4t linkit<\/strong><\/p>\n<ul>\n<li><a href=\"http:\/\/www.urheiluilmailuopisto.fi\/purjelennon_teoriakurssi.htm\" target=\"_blank\">Purjelennon verkkoteoria<\/a> (SUIO)<\/li>\n<li>Moottorilennon verkkoteoria\u00a0<span style=\"color: #0000ff;\"><a title=\"Pekka\" href=\"http:\/\/www.blueskies.fi\/?sivu=yhteystiedot\" target=\"_blank\"><span style=\"color: #0000ff;\">http:\/\/www.blueskies.fi\/?sivu=yhteystiedot<\/span><\/a><\/span><\/li>\n<li><a href=\"http:\/\/www.ilmailuliitto.fi\/easydata\/customers\/ilmailuliitto\/files\/purjelento\/PT\/Koulutus_ja_turvallisuus\/2012-05-15_sil-gpl-koulutusohjelma-2012_trafi_hyvaksyma_2012-05-22_pdf.pdf\" target=\"_blank\">Koulutusohjelma purjelent\u00e4j\u00e4n lupakirjaa varten<\/a> (SIL)<\/li>\n<li><a href=\"http:\/\/www.ilmailuliitto.fi\/easydata\/customers\/ilmailuliitto\/files\/purjelento\/PT\/Koulutus_ja_turvallisuus\/purjelentotaito_2013_painos_4_pdf-julkaisu_2013-03-01.pdf\" target=\"_blank\">Purjelentotaito painos 4, Keskinen, Koponen<\/a> (PDF)<\/li>\n<li><a href=\"http:\/\/www.ilmailuliitto.fi\/easydata\/customers\/ilmailuliitto\/files\/koulutusohjelmat\/SIL-CF-KOULUTUSOHJELMA-2008.pdf\" target=\"_blank\">Pilvilentokurssin koulutusohjelma<\/a> (SIL)<\/li>\n<li><a href=\"http:\/\/sodik.fi\/wp-content\/uploads\/2013\/04\/lentosaapalvelut.pdf\">Lentos\u00e4\u00e4palvelut Suomessa -opas<\/a><\/li>\n<li><a href=\"http:\/\/www.urheiluilmailuopisto.fi\/\" target=\"_blank\">Suomen Urheiluilmailuopisto<\/a> (SUIO)<\/li>\n<li><a title=\"RTF\" href=\"http:\/\/www.trafi.fi\/filebank\/a\/1325580315\/284a393597a1116bb4eaa942df5817d3\/4798-GEN_M1-8.pdf\" target=\"_blank\">Ilmailun radiopuhelinliikenne<\/a>\u00a0(PDF)<\/li>\n<li><a href=\"http:\/\/psfe.fi\" target=\"_blank\">Tarkastuslennot<\/a> (psfe.fi)<\/li>\n<li><a href=\"http:\/\/www.ilmailuliitto.fi\/fi\/lajit\/purjelento\/merkkisuoritukset\" target=\"_blank\">Merkkisuorituss\u00e4\u00e4nn\u00f6t ja merkkisuoritushakemukset<\/a> (SIL)<\/li>\n<\/ul>\n<p><strong>Lennonvalmistelu<\/strong><\/p>\n<p><a title=\"Lennonvalmistelu\" href=\"http:\/\/sodik.fi\/?page_id=5315\">Lennonvalmisteluun liittyv\u00e4t linkit l\u00f6ytyv\u00e4t t\u00e4\u00e4lt\u00e4<\/a><\/p>\n<p><strong>SUIO linkkikokoelma<\/strong> (kannattaa tutustua)<\/p>\n<p><a title=\"SUIO materiaaleja (linkit)\" href=\"http:\/\/www.urheiluilmailuopisto.fi\/koulutus_materiaaleja.htm\" target=\"_blank\">Materiaaleja<\/a><br \/>\n<!--more--><strong>Suomen Ilmailuliitto ry<\/strong><\/p>\n<ul>\n<li><a title=\"Suomen Ilmailuliitto\" href=\"http:\/\/www.ilmailuliitto.fi\/\" target=\"_blank\">Suomen Ilmailuliitto ry<\/a><\/li>\n<li><a title=\"Ilmailu lehti\" href=\"http:\/\/www.ilmailu.fi\/\" target=\"_blank\">Ilmailu -lehti<\/a><\/li>\n<\/ul>\n<p><strong>Ilmailukerhoja Pohjois-Suomessa<\/strong><\/p>\n<ul>\n<li><a title=\"Tunturi-ilmailijat ry\" href=\"http:\/\/www.tunturi-ilmailijat.net\/\" target=\"_blank\">Tunturi-ilmailijat ry<\/a><\/li>\n<li><a title=\"Per\u00e4meren ilmailuyhdistys ry\" href=\"http:\/\/www.piy.fi\/otsikot.php\" target=\"_blank\">Per\u00e4meren ilmailuyhdistys ry<\/a><\/li>\n<li><a href=\"http:\/\/www.moottorilentajat.com\/\" target=\"_blank\">Pohjolan moottorilent\u00e4j\u00e4t ry<\/a><\/li>\n<li><a title=\"Rovaniemen ilmailukerho ry\" href=\"http:\/\/www.rik.fi\" target=\"_blank\">Rovaniemen ilmailukerho ry<\/a><\/li>\n<li><a href=\"http:\/\/www.oulunilmailukerho.fi\/etusivu\/\" target=\"_blank\">Oulun Ilmailukerho ry<\/a><\/li>\n<li><a title=\"Oulun Moottoriliit\u00e4j\u00e4t ry\" href=\"http:\/\/www.oml.fi\" target=\"_blank\">Oulun Moottori-liit\u00e4j\u00e4t ry<\/a><\/li>\n<li><a title=\"Oulun Tervalent\u00e4j\u00e4t\" href=\"http:\/\/www.tervalentajat.fi\" target=\"_blank\">Oulun Tervalent\u00e4j\u00e4t<\/a><\/li>\n<li><a title=\"Pudasj\u00e4rven ilmailukerho ry\" href=\"https:\/\/sites.google.com\/site\/pudisik\/\" target=\"_blank\">Pudasj\u00e4rven ilmailukerho ry<\/a><\/li>\n<li><a title=\"Kuusamon Ilmailukerho ry\" href=\"http:\/\/www.kuusamonilmailukerho.comlu.com\/\" target=\"_blank\">Kuusamon Ilmailukerho ry<\/a><\/li>\n<li><a href=\"http:\/\/www.lapinilmailuyhdistys.fi\/\">Lapin Ilmailuyhdistys ry<\/a><\/li>\n<\/ul>\n<p><strong>Keskustelupalstoja<\/strong><\/p>\n<ul>\n<li><a title=\"Ilmailufoorumi\" href=\"http:\/\/www.ilmailu.org\/forum\/index.php\" target=\"_blank\">Ilmailufoorumi<\/a><\/li>\n<li><a title=\"FlightForum.fi\" href=\"http:\/\/www.flightforum.fi\/\" target=\"_blank\">FlightForum.fi<\/a><\/li>\n<li><a title=\"Purjelennon Pulinajakso\" href=\"http:\/\/www.pulinajakso.net\/\" target=\"_blank\">Purjelennon Pulinajakso<\/a><\/li>\n<\/ul>\n<p><strong>Matkaileville purjelent\u00e4jille<\/strong><\/p>\n<ul>\n<li><a href=\" http:\/\/www.travelbyglider.eu\/en\/map \" target=\"_blank\">Matkailevien purjelent\u00e4jien kartta Euroopan kohteista (EFSO mukana)<\/a><\/li>\n<\/ul>\n","protected":false},"excerpt":{"rendered":"<p>Koulutukseen liityv\u00e4t linkit Purjelennon verkkoteoria (SUIO) Moottorilennon verkkoteoria\u00a0http:\/\/www.blueskies.fi\/?sivu=yhteystiedot Koulutusohjelma purjelent\u00e4j\u00e4n lupakirjaa varten (SIL) Purjelentotaito painos 4, Keskinen, Koponen (PDF) Pilvilentokurssin koulutusohjelma (SIL) Lentos\u00e4\u00e4palvelut Suomessa -opas Suomen Urheiluilmailuopisto (SUIO) Ilmailun radiopuhelinliikenne\u00a0(PDF) Tarkastuslennot (psfe.fi) Merkkisuorituss\u00e4\u00e4nn\u00f6t ja merkkisuoritushakemukset (SIL) Lennonvalmistelu Lennonvalmisteluun liittyv\u00e4t linkit &hellip; <a href=\"https:\/\/sodik.fi\/?page_id=852\">Lue loppuun <span class=\"meta-nav\">&rarr;<\/span><\/a><\/p>\n","protected":false},"author":1,"featured_media":0,"parent":0,"menu_order":12,"comment_status":"closed","ping_status":"closed","template":"paget-page2col.php","meta":{"footnotes":""},"publishpress_future_action":{"enabled":false,"date":"2026-04-27 16:24:30","action":"draft","terms":[],"taxonomy":""},"_links":{"self":[{"href":"https:\/\/sodik.fi\/index.php?rest_route=\/wp\/v2\/pages\/852"}],"collection":[{"href":"https:\/\/sodik.fi\/index.php?rest_route=\/wp\/v2\/pages"}],"about":[{"href":"https:\/\/sodik.fi\/index.php?rest_route=\/wp\/v2\/types\/page"}],"author":[{"embeddable":true,"href":"https:\/\/sodik.fi\/index.php?rest_route=\/wp\/v2\/users\/1"}],"replies":[{"embeddable":true,"href":"https:\/\/sodik.fi\/index.php?rest_route=%2Fwp%2Fv2%2Fcomments&post=852"}],"version-history":[{"count":2,"href":"https:\/\/sodik.fi\/index.php?rest_route=\/wp\/v2\/pages\/852\/revisions"}],"predecessor-version":[{"id":6750,"href":"https:\/\/sodik.fi\/index.php?rest_route=\/wp\/v2\/pages\/852\/revisions\/6750"}],"wp:attachment":[{"href":"https:\/\/sodik.fi\/index.php?rest_route=%2Fwp%2Fv2%2Fmedia&parent=852"}],"curies":[{"name":"wp","href":"https:\/\/api.w.org\/{rel}","templated":true}]}}