{"id":8762,"date":"2024-01-31T20:18:06","date_gmt":"2024-01-31T18:18:06","guid":{"rendered":"https:\/\/sodik.fi\/?page_id=8762"},"modified":"2024-02-28T21:19:09","modified_gmt":"2024-02-28T19:19:09","slug":"ilmailusaa","status":"publish","type":"page","link":"https:\/\/sodik.fi\/?page_id=8762","title":{"rendered":"Ilmailus\u00e4\u00e4"},"content":{"rendered":"\n<p><a class=\"customize-unpreviewable\" href=\"https:\/\/ilmailusaa.fi\/#flash_checkbox=checked#top=204#id=radar\" target=\"_blank\" rel=\"noreferrer noopener\">Ilmatieteen laitoksen Ilmailus\u00e4\u00e4<\/a>  -palvelusta l\u00f6yd\u00e4t ajantasaiset s\u00e4\u00e4tiedot lentosi suunnittelua varten.  METAR:sta ja TAF:sta pystyt katsomaan l\u00e4hialueen s\u00e4\u00e4t. AWS-ilmailu  -s\u00e4\u00e4tiedoissa Sodankyl\u00e4 T\u00e4htel\u00e4 -otsikon alta l\u00f6yd\u00e4t lis\u00e4\u00e4 aluekohtaisia  tietoja.<\/p>\n\n\n<div class=\"wp-block-image\">\n<figure class=\"aligncenter size-full\"><a href=\"https:\/\/ilmailusaa.fi\/#flash_checkbox=checked#top=204#id=radar\" target=\"_blank\" rel=\"noreferrer noopener\"><img loading=\"lazy\" decoding=\"async\" width=\"1314\" height=\"204\" src=\"https:\/\/sodik.fi\/wp-content\/uploads\/2024\/02\/Ilmailusaa-1.jpg\" alt=\"\" class=\"wp-image-8902\" srcset=\"https:\/\/sodik.fi\/wp-content\/uploads\/2024\/02\/Ilmailusaa-1.jpg 1314w, https:\/\/sodik.fi\/wp-content\/uploads\/2024\/02\/Ilmailusaa-1-300x47.jpg 300w, https:\/\/sodik.fi\/wp-content\/uploads\/2024\/02\/Ilmailusaa-1-1024x159.jpg 1024w, https:\/\/sodik.fi\/wp-content\/uploads\/2024\/02\/Ilmailusaa-1-768x119.jpg 768w, https:\/\/sodik.fi\/wp-content\/uploads\/2024\/02\/Ilmailusaa-1-500x78.jpg 500w\" sizes=\"(max-width: 1314px) 100vw, 1314px\" \/><\/a><\/figure><\/div>\n\n\n<div style=\"height:40px\" aria-hidden=\"true\" class=\"wp-block-spacer\"><\/div>\n","protected":false},"excerpt":{"rendered":"<p>Ilmatieteen laitoksen Ilmailus\u00e4\u00e4 -palvelusta l\u00f6yd\u00e4t ajantasaiset s\u00e4\u00e4tiedot lentosi suunnittelua varten. METAR:sta ja TAF:sta pystyt katsomaan l\u00e4hialueen s\u00e4\u00e4t. AWS-ilmailu -s\u00e4\u00e4tiedoissa Sodankyl\u00e4 T\u00e4htel\u00e4 -otsikon alta l\u00f6yd\u00e4t lis\u00e4\u00e4 aluekohtaisia tietoja.<\/p>\n","protected":false},"author":11,"featured_media":0,"parent":0,"menu_order":0,"comment_status":"closed","ping_status":"closed","template":"","meta":{"footnotes":""},"publishpress_future_action":{"enabled":false,"date":"2026-05-09 10:03:16","action":"draft","terms":[],"taxonomy":""},"_links":{"self":[{"href":"https:\/\/sodik.fi\/index.php?rest_route=\/wp\/v2\/pages\/8762"}],"collection":[{"href":"https:\/\/sodik.fi\/index.php?rest_route=\/wp\/v2\/pages"}],"about":[{"href":"https:\/\/sodik.fi\/index.php?rest_route=\/wp\/v2\/types\/page"}],"author":[{"embeddable":true,"href":"https:\/\/sodik.fi\/index.php?rest_route=\/wp\/v2\/users\/11"}],"replies":[{"embeddable":true,"href":"https:\/\/sodik.fi\/index.php?rest_route=%2Fwp%2Fv2%2Fcomments&post=8762"}],"version-history":[{"count":7,"href":"https:\/\/sodik.fi\/index.php?rest_route=\/wp\/v2\/pages\/8762\/revisions"}],"predecessor-version":[{"id":9097,"href":"https:\/\/sodik.fi\/index.php?rest_route=\/wp\/v2\/pages\/8762\/revisions\/9097"}],"wp:attachment":[{"href":"https:\/\/sodik.fi\/index.php?rest_route=%2Fwp%2Fv2%2Fmedia&parent=8762"}],"curies":[{"name":"wp","href":"https:\/\/api.w.org\/{rel}","templated":true}]}}

Ilmailusää

<p><a class="customize-unpreviewable" href="https://ilmailusaa.fi/#flash_checkbox=checked#top=204#id=radar" target="_blank" rel="noreferrer noopener">Ilmatieteen laitoksen Ilmailusää</a>  -palvelusta löydät ajantasaiset säätiedot lentosi suunnittelua varten.  METAR:sta ja TAF:sta pystyt katsomaan lähialueen säät. AWS-ilmailu  -säätiedoissa Sodankylä Tähtelä -otsikon alta löydät lisää aluekohtaisia  tietoja.</p>


<div class="wp-block-image">
<figure class="aligncenter size-full"><a href="https://ilmailusaa.fi/#flash_checkbox=checked#top=204#id=radar" target="_blank" rel="noreferrer noopener"><img loading="lazy" decoding="async" width="1314" height="204" src="https://sodik.fi/wp-content/uploads/2024/02/Ilmailusaa-1.jpg" alt="" class="wp-image-8902" srcset="https://sodik.fi/wp-content/uploads/2024/02/Ilmailusaa-1.jpg 1314w, https://sodik.fi/wp-content/uploads/2024/02/Ilmailusaa-1-300x47.jpg 300w, https://sodik.fi/wp-content/uploads/2024/02/Ilmailusaa-1-1024x159.jpg 1024w, https://sodik.fi/wp-content/uploads/2024/02/Ilmailusaa-1-768x119.jpg 768w, https://sodik.fi/wp-content/uploads/2024/02/Ilmailusaa-1-500x78.jpg 500w" sizes="(max-width: 1314px) 100vw, 1314px" /></a></figure></div>


<div style="height:40px" aria-hidden="true" class="wp-block-spacer"></div>

<p>Ilmatieteen laitoksen Ilmailusää -palvelusta löydät ajantasaiset säätiedot lentosi suunnittelua varten. METAR:sta ja TAF:sta pystyt katsomaan lähialueen säät. AWS-ilmailu -säätiedoissa Sodankylä Tähtelä -otsikon alta löydät lisää aluekohtaisia tietoja.</p>
